{"id":2,"date":"2016-03-29T23:07:34","date_gmt":"2016-03-29T23:07:34","guid":{"rendered":"http:\/\/comunachisindia.ro\/?page_id=2"},"modified":"2025-04-04T05:54:09","modified_gmt":"2025-04-04T05:54:09","slug":"sample-page","status":"publish","type":"page","link":"https:\/\/comunachisindia.ro\/","title":{"rendered":"Pagina oficiala a comunei Chisindia! Bine ati venit!"},"content":{"rendered":"<p><img loading=\"lazy\" class=\"alignnone wp-image-1197 size-large\" src=\"http:\/\/comunachisindia.ro\/wp-content\/uploads\/2024\/09\/gdfgfgh-1024x576.jpg\" alt=\"\" width=\"584\" height=\"329\" srcset=\"https:\/\/comunachisindia.ro\/wp-content\/uploads\/2024\/09\/gdfgfgh-1024x576.jpg 1024w, https:\/\/comunachisindia.ro\/wp-content\/uploads\/2024\/09\/gdfgfgh-300x169.jpg 300w, https:\/\/comunachisindia.ro\/wp-content\/uploads\/2024\/09\/gdfgfgh-768x432.jpg 768w, https:\/\/comunachisindia.ro\/wp-content\/uploads\/2024\/09\/gdfgfgh-500x281.jpg 500w, https:\/\/comunachisindia.ro\/wp-content\/uploads\/2024\/09\/gdfgfgh.jpg 1360w\" sizes=\"(max-width: 584px) 100vw, 584px\" \/><\/p>\r\n<p><b>Comuna Chisindia<\/b> se afla in jude\u021bul Arad, Cri\u0219ana, Rom\u00e2nia. Din punct de vedere administrativ comuna este alc\u0103tuit\u0103 din satele: Chisindia &#8211; sat re\u0219edin\u021b\u0103 de comun\u0103 situat la o distan\u021b\u0103 de 92 km fa\u021b\u0103 de municipiul Arad; P\u0103iu\u0219eni \u0219i V\u0103soaia. La o distan\u0163\u0103 de 72 km de municipiul Arad \u015fi la 9 km de ora\u015ful Sebi\u015f &#8211; ora\u015ful cel mai apropiat de comun\u0103.\u00a0 Comuna Chisindia, cu o suprafa\u021b\u0103 de 12.928 de hectare, este situat\u0103 \u00een sudul Depresiunii Sebi\u0219, la poalele Dealurilor Cuedului. Are un relief deluros, str\u0103b\u0103tut de V\u0103ile Prundului, Ciotului \u0219i a Hurezului. Prima atestare documentar\u0103 a localit\u0103\u021bii Chisindia dateaz\u0103 inca din perioada renasterii. Satul P\u0103iu\u0219eni este atestat documentar \u00een anul 1574 \u0219i V\u0103soaia \u00een anul 1574. Economia comunei este una predominant agrar\u0103.\u00a0 Comuna Chisindia este \u00eenscris\u0103 \u00een Repertoriul Institutului de Arheologie &#8216;Vasile P\u00e2rvan&#8217; pentru vestigiile sale din perioada imperiului roman. Comuna este situata intr-o zona predominant deluroasa si campie.<\/p>\r\n<p><img loading=\"lazy\" class=\"alignnone size-full wp-image-118\" src=\"http:\/\/comunachisindia.ro\/wp-content\/uploads\/2016\/03\/cvntprimr.jpg\" alt=\"cvntprimr\" width=\"594\" height=\"313\" srcset=\"https:\/\/comunachisindia.ro\/wp-content\/uploads\/2016\/03\/cvntprimr.jpg 594w, https:\/\/comunachisindia.ro\/wp-content\/uploads\/2016\/03\/cvntprimr-300x158.jpg 300w, https:\/\/comunachisindia.ro\/wp-content\/uploads\/2016\/03\/cvntprimr-500x263.jpg 500w\" sizes=\"(max-width: 594px) 100vw, 594px\" \/><\/p>\r\n<p><a href=\"http:\/\/comunachisindia.ro\/wp-content\/uploads\/2024\/04\/alegeri.bmp\">\u00a0 \u00a0 \u00a0 \u00a0 \u00a0 \u00a0 \u00a0 \u00a0 \u00a0 \u00a0 \u00a0 \u00a0 \u00a0 \u00a0 \u00a0 \u00a0 \u00a0 \u00a0 \u00a0 \u00a0<\/a><a href=\"http:\/\/comunachisindia.ro\/?page_id=1048\"><img loading=\"lazy\" class=\"alignnone wp-image-1047\" src=\"http:\/\/comunachisindia.ro\/wp-content\/uploads\/2024\/04\/alegeri.bmp\" alt=\"\" width=\"224\" height=\"130\" \/><\/a><\/p>\r\n<p>\u00a0 \u00a0 \u00a0 \u00a0 \u00a0 \u00a0 \u00a0 \u00a0 \u00a0<strong> \u00a0 \u00a0 \u00a0 \u00a0 \u00a0 <a href=\"http:\/\/comunachisindia.ro\/?page_id=1048\">BEC NR.24 CHISINDIA,JUDETUL ARAD<\/a><\/strong><\/p>\r\n<div id=\"attachment_558\" style=\"width: 594px\" class=\"wp-caption aligncenter\"><img aria-describedby=\"caption-attachment-558\" loading=\"lazy\" class=\"wp-image-558 size-large\" src=\"http:\/\/comunachisindia.ro\/wp-content\/uploads\/2020\/08\/20200811_124615-1024x768.jpg\" alt=\"\" width=\"584\" height=\"438\" srcset=\"https:\/\/comunachisindia.ro\/wp-content\/uploads\/2020\/08\/20200811_124615-1024x768.jpg 1024w, https:\/\/comunachisindia.ro\/wp-content\/uploads\/2020\/08\/20200811_124615-300x225.jpg 300w, https:\/\/comunachisindia.ro\/wp-content\/uploads\/2020\/08\/20200811_124615-768x576.jpg 768w, https:\/\/comunachisindia.ro\/wp-content\/uploads\/2020\/08\/20200811_124615-1536x1152.jpg 1536w, https:\/\/comunachisindia.ro\/wp-content\/uploads\/2020\/08\/20200811_124615-2048x1536.jpg 2048w, https:\/\/comunachisindia.ro\/wp-content\/uploads\/2020\/08\/20200811_124615-400x300.jpg 400w\" sizes=\"(max-width: 584px) 100vw, 584px\" \/><p id=\"caption-attachment-558\" class=\"wp-caption-text\">NOUA STATIE DE TRATARE APA HUREZ<\/p><\/div>\r\n<p><a href=\"https:\/\/sgg.gov.ro\/new\/guvernare-transparenta-deschisa-si-participativa-standardizare-armonizare-dialog-imbunatatit-cod-sipoca-35\/\" rel=\"attachment wp-att-331\"><img loading=\"lazy\" class=\"alignnone size-full wp-image-331\" src=\"http:\/\/comunachisindia.ro\/wp-content\/uploads\/2016\/03\/poster.bmp\" alt=\"poster\" width=\"332\" height=\"141\" \/> \u00a0 \u00a0 \u00a0 \u00a0 \u00a0 \u00a0 \u00a0 \u00a0 \u00a0 \u00a0 \u00a0 \u00a0 \u00a0 \u00a0 \u00a0 \u00a0 \u00a0 \u00a0 \u00a0 \u00a0 \u00a0 \u00a0 \u00a0 \u00a0 \u00a0 \u00a0 \u00a0 \u00a0 \u00a0 \u00a0 \u00a0 \u00a0 \u00a0 \u00a0 \u00a0 \u00a0 \u00a0 \u00a0 \u00a0 \u00a0 \u00a0 \u00a0<\/a><\/p>\r\n<p>ALEGERI PREZIDENTIALE 2025<\/p>\r\n<p><a href=\"http:\/\/comunachisindia.ro\/wp-content\/uploads\/2025\/04\/Delimitare-sectii-de-votare-2.xlsx\">Delimitare sectii de votare <\/a><\/p>\r\n<!-- \/wp:quote -->\r\n\r\n<!-- wp:paragraph -->\r\n<p>&nbsp;<\/p>\r\n<p>&nbsp;<\/p>\r\n<!-- \/wp:paragraph -->","protected":false},"excerpt":{"rendered":"<p>Comuna Chisindia se afla in jude\u021bul Arad, Cri\u0219ana, Rom\u00e2nia. Din punct de vedere administrativ comuna este alc\u0103tuit\u0103 din satele: Chisindia &#8211; sat re\u0219edin\u021b\u0103 de comun\u0103 situat la o distan\u021b\u0103 de 92 km fa\u021b\u0103 de municipiul Arad; P\u0103iu\u0219eni \u0219i V\u0103soaia. La &hellip; <a href=\"https:\/\/comunachisindia.ro\/\">Continu\u0103 s\u0103 cite\u0219ti <span class=\"meta-nav\">&rarr;<\/span><\/a><\/p>\n","protected":false},"author":1,"featured_media":0,"parent":0,"menu_order":0,"comment_status":"closed","ping_status":"closed","template":"sidebar-page.php","meta":[],"_links":{"self":[{"href":"https:\/\/comunachisindia.ro\/index.php?rest_route=\/wp\/v2\/pages\/2"}],"collection":[{"href":"https:\/\/comunachisindia.ro\/index.php?rest_route=\/wp\/v2\/pages"}],"about":[{"href":"https:\/\/comunachisindia.ro\/index.php?rest_route=\/wp\/v2\/types\/page"}],"author":[{"embeddable":true,"href":"https:\/\/comunachisindia.ro\/index.php?rest_route=\/wp\/v2\/users\/1"}],"replies":[{"embeddable":true,"href":"https:\/\/comunachisindia.ro\/index.php?rest_route=%2Fwp%2Fv2%2Fcomments&post=2"}],"version-history":[{"count":36,"href":"https:\/\/comunachisindia.ro\/index.php?rest_route=\/wp\/v2\/pages\/2\/revisions"}],"predecessor-version":[{"id":1249,"href":"https:\/\/comunachisindia.ro\/index.php?rest_route=\/wp\/v2\/pages\/2\/revisions\/1249"}],"wp:attachment":[{"href":"https:\/\/comunachisindia.ro\/index.php?rest_route=%2Fwp%2Fv2%2Fmedia&parent=2"}],"curies":[{"name":"wp","href":"https:\/\/api.w.org\/{rel}","templated":true}]}}