{"id":200,"date":"2017-09-22T07:14:05","date_gmt":"2017-09-22T07:14:05","guid":{"rendered":"http:\/\/comunachisindia.ro\/?page_id=200"},"modified":"2024-02-28T13:36:31","modified_gmt":"2024-02-28T13:36:31","slug":"informatii-de-interes-public","status":"publish","type":"page","link":"https:\/\/comunachisindia.ro\/?page_id=200","title":{"rendered":"Informatii de interes public"},"content":{"rendered":"<p><a href=\"http:\/\/comunachisindia.ro\/wp-content\/uploads\/2024\/02\/DocScanner-28-feb.-2024-11-39.pdf\">Anunt &#8211; proiect<\/a><\/p>\n<p>&nbsp;<\/p>\n<p>GREV\u0102 31 Ianuarie 2024, ora 11:00 &#8211; 13:00 !<\/p>\n<p><img loading=\"lazy\" class=\"alignnone size-medium wp-image-999\" src=\"http:\/\/comunachisindia.ro\/wp-content\/uploads\/2024\/01\/WhatsApp-Image-2024-01-31-at-08.48.05-300x209.jpeg\" alt=\"\" width=\"300\" height=\"209\" srcset=\"https:\/\/comunachisindia.ro\/wp-content\/uploads\/2024\/01\/WhatsApp-Image-2024-01-31-at-08.48.05-300x209.jpeg 300w, https:\/\/comunachisindia.ro\/wp-content\/uploads\/2024\/01\/WhatsApp-Image-2024-01-31-at-08.48.05-1024x713.jpeg 1024w, https:\/\/comunachisindia.ro\/wp-content\/uploads\/2024\/01\/WhatsApp-Image-2024-01-31-at-08.48.05-768x535.jpeg 768w, https:\/\/comunachisindia.ro\/wp-content\/uploads\/2024\/01\/WhatsApp-Image-2024-01-31-at-08.48.05-1536x1070.jpeg 1536w, https:\/\/comunachisindia.ro\/wp-content\/uploads\/2024\/01\/WhatsApp-Image-2024-01-31-at-08.48.05-431x300.jpeg 431w, https:\/\/comunachisindia.ro\/wp-content\/uploads\/2024\/01\/WhatsApp-Image-2024-01-31-at-08.48.05.jpeg 2048w\" sizes=\"(max-width: 300px) 100vw, 300px\" \/><\/p>\n<p>&nbsp;<\/p>\n<p>\u00cen aten\u021bia locuitorilor Comunei Chisindia <span class=\"x3nfvp2 x1j61x8r x1fcty0u xdj266r xhhsvwb xat24cr xgzva0m xxymvpz xlup9mm x1kky2od\"><img loading=\"lazy\" src=\"https:\/\/static.xx.fbcdn.net\/images\/emoji.php\/v9\/td7\/1.5\/16\/2757.png\" alt=\"\u2757\ufe0f\" width=\"16\" height=\"16\" \/><\/span><\/p>\n<div class=\"x11i5rnm xat24cr x1mh8g0r x1vvkbs xtlvy1s x126k92a\">\n<div dir=\"auto\">Va aducem la cuno\u0219tin\u021b\u0103 faptul c\u0103 \u00eencep\u00e2nd de Luni 31.Iulie.2023 v\u0103 pute\u021bi \u00eenscrie \u00een programul privind casarea autovehiculelor uzate &#8211; Rabla Local .<\/div>\n<div dir=\"auto\">Reg\u0103si\u021bi ata\u0219at tot ceea ce ave\u021bi de f\u0103cut pentru \u00eenscriere, dac\u0103 ave\u021bi nevoie de l\u0103muriri sunte\u021bi a\u0219tepta\u021bi la sediul prim\u0103riei.<\/div>\n<\/div>\n<p><a href=\"http:\/\/comunachisindia.ro\/wp-content\/uploads\/2023\/02\/Informatii_site-prefecturi_primarii.docx\"><img loading=\"lazy\" class=\"alignnone size-medium wp-image-984\" src=\"http:\/\/comunachisindia.ro\/wp-content\/uploads\/2023\/07\/WhatsApp-Image-2023-07-31-at-14.16.53-3-232x300.jpeg\" alt=\"\" width=\"232\" height=\"300\" srcset=\"https:\/\/comunachisindia.ro\/wp-content\/uploads\/2023\/07\/WhatsApp-Image-2023-07-31-at-14.16.53-3-232x300.jpeg 232w, https:\/\/comunachisindia.ro\/wp-content\/uploads\/2023\/07\/WhatsApp-Image-2023-07-31-at-14.16.53-3-791x1024.jpeg 791w, https:\/\/comunachisindia.ro\/wp-content\/uploads\/2023\/07\/WhatsApp-Image-2023-07-31-at-14.16.53-3-768x994.jpeg 768w, https:\/\/comunachisindia.ro\/wp-content\/uploads\/2023\/07\/WhatsApp-Image-2023-07-31-at-14.16.53-3-1187x1536.jpeg 1187w, https:\/\/comunachisindia.ro\/wp-content\/uploads\/2023\/07\/WhatsApp-Image-2023-07-31-at-14.16.53-3.jpeg 1545w\" sizes=\"(max-width: 232px) 100vw, 232px\" \/> <img loading=\"lazy\" class=\"alignnone size-medium wp-image-985\" src=\"http:\/\/comunachisindia.ro\/wp-content\/uploads\/2023\/07\/WhatsApp-Image-2023-07-31-at-14.16.53-2-232x300.jpeg\" alt=\"\" width=\"232\" height=\"300\" srcset=\"https:\/\/comunachisindia.ro\/wp-content\/uploads\/2023\/07\/WhatsApp-Image-2023-07-31-at-14.16.53-2-232x300.jpeg 232w, https:\/\/comunachisindia.ro\/wp-content\/uploads\/2023\/07\/WhatsApp-Image-2023-07-31-at-14.16.53-2-791x1024.jpeg 791w, https:\/\/comunachisindia.ro\/wp-content\/uploads\/2023\/07\/WhatsApp-Image-2023-07-31-at-14.16.53-2-768x994.jpeg 768w, https:\/\/comunachisindia.ro\/wp-content\/uploads\/2023\/07\/WhatsApp-Image-2023-07-31-at-14.16.53-2-1187x1536.jpeg 1187w, https:\/\/comunachisindia.ro\/wp-content\/uploads\/2023\/07\/WhatsApp-Image-2023-07-31-at-14.16.53-2.jpeg 1545w\" sizes=\"(max-width: 232px) 100vw, 232px\" \/> <img loading=\"lazy\" class=\"alignnone size-medium wp-image-986\" src=\"http:\/\/comunachisindia.ro\/wp-content\/uploads\/2023\/07\/WhatsApp-Image-2023-07-31-at-14.16.53-1-232x300.jpeg\" alt=\"\" width=\"232\" height=\"300\" srcset=\"https:\/\/comunachisindia.ro\/wp-content\/uploads\/2023\/07\/WhatsApp-Image-2023-07-31-at-14.16.53-1-232x300.jpeg 232w, https:\/\/comunachisindia.ro\/wp-content\/uploads\/2023\/07\/WhatsApp-Image-2023-07-31-at-14.16.53-1-791x1024.jpeg 791w, https:\/\/comunachisindia.ro\/wp-content\/uploads\/2023\/07\/WhatsApp-Image-2023-07-31-at-14.16.53-1-768x994.jpeg 768w, https:\/\/comunachisindia.ro\/wp-content\/uploads\/2023\/07\/WhatsApp-Image-2023-07-31-at-14.16.53-1-1187x1536.jpeg 1187w, https:\/\/comunachisindia.ro\/wp-content\/uploads\/2023\/07\/WhatsApp-Image-2023-07-31-at-14.16.53-1.jpeg 1545w\" sizes=\"(max-width: 232px) 100vw, 232px\" \/> <img loading=\"lazy\" class=\"alignnone size-medium wp-image-987\" src=\"http:\/\/comunachisindia.ro\/wp-content\/uploads\/2023\/07\/WhatsApp-Image-2023-07-31-at-14.16.53-232x300.jpeg\" alt=\"\" width=\"232\" height=\"300\" srcset=\"https:\/\/comunachisindia.ro\/wp-content\/uploads\/2023\/07\/WhatsApp-Image-2023-07-31-at-14.16.53-232x300.jpeg 232w, https:\/\/comunachisindia.ro\/wp-content\/uploads\/2023\/07\/WhatsApp-Image-2023-07-31-at-14.16.53-791x1024.jpeg 791w, https:\/\/comunachisindia.ro\/wp-content\/uploads\/2023\/07\/WhatsApp-Image-2023-07-31-at-14.16.53-768x994.jpeg 768w, https:\/\/comunachisindia.ro\/wp-content\/uploads\/2023\/07\/WhatsApp-Image-2023-07-31-at-14.16.53-1187x1536.jpeg 1187w, https:\/\/comunachisindia.ro\/wp-content\/uploads\/2023\/07\/WhatsApp-Image-2023-07-31-at-14.16.53.jpeg 1545w\" sizes=\"(max-width: 232px) 100vw, 232px\" \/> <img loading=\"lazy\" class=\"alignnone size-medium wp-image-988\" src=\"http:\/\/comunachisindia.ro\/wp-content\/uploads\/2023\/07\/WhatsApp-Image-2023-07-31-at-14.17.35-212x300.jpeg\" alt=\"\" width=\"212\" height=\"300\" srcset=\"https:\/\/comunachisindia.ro\/wp-content\/uploads\/2023\/07\/WhatsApp-Image-2023-07-31-at-14.17.35-212x300.jpeg 212w, https:\/\/comunachisindia.ro\/wp-content\/uploads\/2023\/07\/WhatsApp-Image-2023-07-31-at-14.17.35-724x1024.jpeg 724w, https:\/\/comunachisindia.ro\/wp-content\/uploads\/2023\/07\/WhatsApp-Image-2023-07-31-at-14.17.35-768x1086.jpeg 768w, https:\/\/comunachisindia.ro\/wp-content\/uploads\/2023\/07\/WhatsApp-Image-2023-07-31-at-14.17.35-1086x1536.jpeg 1086w, https:\/\/comunachisindia.ro\/wp-content\/uploads\/2023\/07\/WhatsApp-Image-2023-07-31-at-14.17.35.jpeg 1448w\" sizes=\"(max-width: 212px) 100vw, 212px\" \/><\/a><\/p>\n<p><a href=\"http:\/\/comunachisindia.ro\/wp-content\/uploads\/2023\/02\/Informatii_site-prefecturi_primarii.docx\">RetuRO<\/a><\/p>\n<div style=\"width: 584px;\" class=\"wp-video\"><!--[if lt IE 9]><script>document.createElement('video');<\/script><![endif]-->\n<video class=\"wp-video-shortcode\" id=\"video-200-1\" width=\"584\" height=\"584\" preload=\"metadata\" controls=\"controls\"><source type=\"video\/mp4\" src=\"http:\/\/comunachisindia.ro\/wp-content\/uploads\/2023\/02\/postare_video-Articol2.mp4?_=1\" \/><a href=\"http:\/\/comunachisindia.ro\/wp-content\/uploads\/2023\/02\/postare_video-Articol2.mp4\">http:\/\/comunachisindia.ro\/wp-content\/uploads\/2023\/02\/postare_video-Articol2.mp4<\/a><\/video><\/div>\n<p>&nbsp;<\/p>\n<p>PROIECT SIPOCA 35-<a href=\"http:\/\/comunachisindia.ro\/wp-content\/uploads\/2017\/09\/archive-1.zip\" rel=\"\">arhive<\/a><\/p>\n<p><a href=\"http:\/\/comunachisindia.ro\/wp-content\/uploads\/2017\/09\/Dispozitie-de-aprobare-ROI.pdf\" rel=\"\">Dispozitie de aprobare ROI<\/a><\/p>\n<p><a href=\"http:\/\/comunachisindia.ro\/wp-content\/uploads\/2017\/09\/Buletin-informativ-pe-anul-2017.pdf\" rel=\"\">Buletin informativ pe anul 2017<\/a><\/p>\n<p><a href=\"http:\/\/comunachisindia.ro\/wp-content\/uploads\/2017\/09\/Dispozitie-privind-accesul-la-informatiile-de-interes-public.pdf\" rel=\"\">Dispozitie privind accesul la informatiile de interes public<\/a><\/p>\n<p><a href=\"http:\/\/comunachisindia.ro\/wp-content\/uploads\/2017\/09\/dispoziti-28-DIN-21.03.2017.pdf\" rel=\"\">dispoziti 28 DIN 21.03.2017<\/a><\/p>\n<p><a href=\"http:\/\/comunachisindia.ro\/wp-content\/uploads\/2017\/09\/raport-evaluare-legea-544-din-2001-pe-anul-2016.pdf\" rel=\"\">raport evaluare legea 544 din 2001 pe anul 2016<\/a><\/p>\n<p><a href=\"http:\/\/comunachisindia.ro\/wp-content\/uploads\/2017\/09\/Modalitate-de-contestatie-a-deciziei.pdf\" rel=\"\">Modalitate de contestatie a deciziei<\/a><\/p>\n<p><a href=\"http:\/\/comunachisindia.ro\/wp-content\/uploads\/2017\/09\/Accesul-la-informatiile-publice.pdf\" rel=\"\">Accesul la informatiile publice<\/a><\/p>\n<p>&nbsp;<\/p>\n","protected":false},"excerpt":{"rendered":"<p>Anunt &#8211; proiect &nbsp; GREV\u0102 31 Ianuarie 2024, ora 11:00 &#8211; 13:00 ! &nbsp; \u00cen aten\u021bia locuitorilor Comunei Chisindia Va aducem la cuno\u0219tin\u021b\u0103 faptul c\u0103 \u00eencep\u00e2nd de Luni 31.Iulie.2023 v\u0103 pute\u021bi \u00eenscrie \u00een programul privind casarea autovehiculelor uzate &#8211; Rabla &hellip; <a href=\"https:\/\/comunachisindia.ro\/?page_id=200\">Continu\u0103 s\u0103 cite\u0219ti <span class=\"meta-nav\">&rarr;<\/span><\/a><\/p>\n","protected":false},"author":4,"featured_media":0,"parent":0,"menu_order":0,"comment_status":"closed","ping_status":"closed","template":"","meta":[],"_links":{"self":[{"href":"https:\/\/comunachisindia.ro\/index.php?rest_route=\/wp\/v2\/pages\/200"}],"collection":[{"href":"https:\/\/comunachisindia.ro\/index.php?rest_route=\/wp\/v2\/pages"}],"about":[{"href":"https:\/\/comunachisindia.ro\/index.php?rest_route=\/wp\/v2\/types\/page"}],"author":[{"embeddable":true,"href":"https:\/\/comunachisindia.ro\/index.php?rest_route=\/wp\/v2\/users\/4"}],"replies":[{"embeddable":true,"href":"https:\/\/comunachisindia.ro\/index.php?rest_route=%2Fwp%2Fv2%2Fcomments&post=200"}],"version-history":[{"count":23,"href":"https:\/\/comunachisindia.ro\/index.php?rest_route=\/wp\/v2\/pages\/200\/revisions"}],"predecessor-version":[{"id":1028,"href":"https:\/\/comunachisindia.ro\/index.php?rest_route=\/wp\/v2\/pages\/200\/revisions\/1028"}],"wp:attachment":[{"href":"https:\/\/comunachisindia.ro\/index.php?rest_route=%2Fwp%2Fv2%2Fmedia&parent=200"}],"curies":[{"name":"wp","href":"https:\/\/api.w.org\/{rel}","templated":true}]}}